
11
Calculate the remainder when 359 is divided by 24.
23
What is the remainder when 211 is divided by 18?
13
Calculate the remainder when 4901 is divided by 1633.
2
Calculate the remainder when 80 is divided by 48.
32
Calculate the remainder when 207 is divided by 30.
27
Calculate the remainder when 97 is divided by 20.
17
What is the remainder when 68 is divided by 46?
22
Calculate the remainder when 597 is divided by 13.
12
What is the remainder when 633 is divided by 264?
105
What is the remainder when 1821 is divided by 16?
13
What is the remainder when 1238 is divided by 17?
14
What is the remainder when 51 is divided by 9?
6
Calculate the remainder when 4902 is divided by 11.
7
Calculate the remainder when 77 is divided by 28.
21
Calculate the remainder when 18 is divided by 11.
7
Calculate the remainder when 431 is divided by 415.
16
What is the remainder when 6927 is divided by 2?
1
Calculate the remainder when 626 is divided by 90.
86
What is the remainder when 80 is divided by 23?
11
What is the remainder when 202 is divided by 34?
32
What is the remainder when 124 is divided by 18?
16
Calculate the remainder when 1058 is divided by 185.
133
Calculate the remainder when 1147 is divided by 165.
157
Calculate the remainder when 355 is divided by 28.
19
Calculate the remainder when 4919 is divided by 60.
59
Calculate the remainder when 739 is divided by 50.
39
What is the remainder when 1834 is divided by 15?
4
Calculate the remainder when 117 is divided by 107.
10
Calculate the remainder when 947 is divided by 16.
3
What is the remainder when 7576 is divided by 52?
36
What is the remainder when 190 is divided by 45?
10
Calculate the remainder when 694 is divided by 116.
114
What is the remainder when 963 is divided by 46?
43
Calculate the remainder when 779 is divided by 60.
59
Calculate the remainder when 85 is divided by 50.
35
What is the remainder when 425 is divided by 9?
2
Calculate the remainder when 553 is divided by 139.
136
What is the remainder when 615 is divided by 298?
19
Calculate the remainder when 229 is divided by 15.
4
Calculate the remainder when 1186 is divided by 1142.
44
What is the remainder when 1077 is divided by 72?
69
Calculate the remainder when 597 is divided by 15.
12
Calculate the remainder when 4103 is divided by 152.
151
Calculate the remainder when 84 is divided by 51.
33
What is the remainder when 4268 is divided by 122?
120
Calculate the remainder when 6094 is divided by 115.
114
What is the remainder when 295 is divided by 78?
61
What is the remainder when 507 is divided by 36?
3
Calculate the remainder when 108 is divided by 61.
47
Calculate the remainder when 519 is divided by 6.
3
What is the remainder when 106 is divided by 80?
26
What is the remainder when 731 is divided by 244?
243
What is the remainder when 525 is divided by 8?
5
Calculate the remainder when 52 is divided by 11.
8
What is the remainder when 20970 is divided by 214?
212
What is the remainder when 704 is divided by 38?
20
What is the remainder when 417 is divided by 137?
6
What is the remainder when 1018 is divided by 15?
13
What is the remainder when 396 is divided by 33?
0
Calculate the remainder when 541 is divided by 124.
45
What is the remainder when 98 is divided by 26?
20
Calculate the remainder when 810 is divided by 96.
42
Calculate the remainder when 8532 is divided by 34.
32
Calculate the remainder when 41 is divided by 31.
10
What is the remainder when 2081 is divided by 337?
59
Calculate the remainder when 726 is divided by 75.
51
What is the remainder when 490 is divided by 152?
34
What is the remainder when 11471 is divided by 2292?
11
Calculate the remainder when 433 is divided by 23.
19
What is the remainder when 337 is divided by 34?
31
What is the remainder when 1079 is divided by 291?
206
What is the remainder when 72 is divided by 72?
0
Calculate the remainder when 1833 is divided by 79.
16
What is the remainder when 52 is divided by 36?
16
Calculate the remainder when 189 is divided by 39.
33
Calculate the remainder when 1149 is divided by 72.
69
What is the remainder when 937 is divided by 29?
9
What is the remainder when 6731 is divided by 118?
5
Calculate the remainder when 1436 is divided by 36.
32
Calculate the remainder when 217 is divided by 91.
35
Calculate the remainder when 12660 is divided by 24.
12
What is the remainder when 104 is divided by 28?
20
Calculate the remainder when 1604 is divided by 107.
106
What is the remainder when 656 is divided by 33?
29
Calculate the remainder when 100 is divided by 42.
16
What is the remainder when 1148 is divided by 61?
50
Calculate the remainder when 124 is divided by 19.
10
Calculate the remainder when 526 is divided by 22.
20
Calculate the remainder when 52 is divided by 27.
25
What is the remainder when 4503 is divided by 110?
103
What is the remainder when 231 is divided by 58?
57
What is the remainder when 1402 is divided by 52?
50
Calculate the remainder when 25 is divided by 9.
7
What is the remainder when 919 is divided by 158?
129
Calculate the remainder when 18 is divided by 5.
3
Calculate the remainder when 769 is divided by 110.
109
Calculate the remainder when 118 is divided by 16.
6
What is the remainder when 131 is divided by 29?
15
What is the remainder when 245 is divided by 71?
32
What is the remainder when 3498 is divided by 140?
138
Calculate the remainder when 8459 is divided by 4221.
17
Calculate the remainder when 165 is divided by 9.
3
What is the remainder when 330 is divided by 55?
0
Calculate the remainder when 4065 is divided by 49.
47
What is the remainder when 2525 is divided by 79?
76
What is the remainder when 1278 is divided by 307?
50
What is the remainder when 1289 is divided by 118?
109
What is the remainder when 143 is divided by 16?
15
Calculate the remainder when 212 is divided by 105.
2
Calculate the remainder when 1054 is divided by 1051.
3
What is the remainder when 179 is divided by 178?
1
What is the remainder when 4246 is divided by 1415?
1
What is the remainder when 973 is divided by 50?
23
What is the remainder when 43 is divided by 22?
21
What is the remainder when 54 is divided by 10?
4
Calculate the remainder when 458 is divided by 70.
38
Calculate the remainder when 38 is divided by 10.
8
Calculate the remainder when 101 is divided by 12.
5
What is the remainder when 184 is divided by 6?
4
Calculate the remainder when 158 is divided by 27.
23
Calculate the remainder when 406 is divided by 8.
6
What is the remainder when 304 is divided by 105?
94
What is the remainder when 110 is divided by 8?
6
What is the remainder when 2787 is divided by 82?
81
What is the remainder when 9796 is divided by 71?
69
What is the remainder when 200 is divided by 29?
26
Calculate the remainder when 75 is divided by 49.
26
What is the remainder when 19 is divided by 7?
5
What is the remainder when 20 is divided by 14?
6
Calculate the remainder when 272 is divided by 39.
38
Calculate the remainder when 87 is divided by 47.
40
What is the remainder when 716 is divided by 44?
12
What is the remainder when 8 is divided by 8?
0
What is the remainder when 84 is divided by 2?
0
What is the remainder when 314 is divided by 35?
34
Calculate the remainder when 1759 is divided by 110.
109
Calculate the remainder when 1127 is divided by 113.
110
Calculate the remainder when 1613 is divided by 19.
17
Calculate the remainder when 3537 is divided by 18.
9
Calculate the remainder when 344 is divided by 11.
3
What is the remainder when 40609 is divided by 142?
139
What is the remainder when 100 is divided by 3?
1
Calculate the remainder when 49 is divided by 17.
15
What is the remainder when 754 is divided by 7?
5
What is the remainder when 7594 is divided by 18?
16
What is the remainder when 164 is divided by 11?
10
What is the remainder when 126 is divided by 10?
6
What is the remainder when 60 is divided by 16?
12
Calculate the remainder when 180 is divided by 65.
50
Calculate the remainder when 681 is divided by 36.
33
What is the remainder when 5307 is divided by 1765?
12
What is the remainder when 79 is divided by 22?
13
What is the remainder when 319 is divided by 40?
39
Calculate the remainder when 6015 is divided by 102.
99
Wha